{"id":3359,"date":"2023-12-16T19:08:52","date_gmt":"2023-12-16T18:08:52","guid":{"rendered":"https:\/\/copavisa.com\/index.php\/producto\/crepe-colibri-c-10pz-metalico-verde\/"},"modified":"2026-04-23T12:46:32","modified_gmt":"2026-04-23T18:46:32","slug":"crepe-colibri-c-10pz-metalico-verde","status":"publish","type":"product","link":"https:\/\/copavisa.com\/index.php\/producto\/crepe-colibri-c-10pz-metalico-verde\/","title":{"rendered":"CREP\u00c9 COLIBR\u00cd MET\u00c1LICO VERDE C\/10 PZAS"},"content":{"rendered":"","protected":false},"excerpt":{"rendered":"<p>CREP\u00c9 COLIBR\u00cd VERDE MET\u00c1LICO 344 C\/10 PIEZAS<\/p>\n","protected":false},"featured_media":3321,"comment_status":"open","ping_status":"closed","template":"","meta":[],"pwb-brand":[173],"product_brand":[],"product_cat":[63],"product_tag":[],"class_list":{"0":"post-3359","1":"product","2":"type-product","3":"status-publish","4":"has-post-thumbnail","6":"pwb-brand-colibri","7":"product_cat-crepe","9":"first","10":"instock","11":"shipping-taxable","12":"product-type-simple"},"brands":[{"id":173,"name":"COLIBRI","slug":"colibri"}],"_links":{"self":[{"href":"https:\/\/copavisa.com\/index.php\/wp-json\/wp\/v2\/product\/3359","targetHints":{"allow":["GET"]}}],"collection":[{"href":"https:\/\/copavisa.com\/index.php\/wp-json\/wp\/v2\/product"}],"about":[{"href":"https:\/\/copavisa.com\/index.php\/wp-json\/wp\/v2\/types\/product"}],"replies":[{"embeddable":true,"href":"https:\/\/copavisa.com\/index.php\/wp-json\/wp\/v2\/comments?post=3359"}],"wp:featuredmedia":[{"embeddable":true,"href":"https:\/\/copavisa.com\/index.php\/wp-json\/wp\/v2\/media\/3321"}],"wp:attachment":[{"href":"https:\/\/copavisa.com\/index.php\/wp-json\/wp\/v2\/media?parent=3359"}],"wp:term":[{"taxonomy":"pwb-brand","embeddable":true,"href":"https:\/\/copavisa.com\/index.php\/wp-json\/wp\/v2\/pwb-brand?post=3359"},{"taxonomy":"product_brand","embeddable":true,"href":"https:\/\/copavisa.com\/index.php\/wp-json\/wp\/v2\/product_brand?post=3359"},{"taxonomy":"product_cat","embeddable":true,"href":"https:\/\/copavisa.com\/index.php\/wp-json\/wp\/v2\/product_cat?post=3359"},{"taxonomy":"product_tag","embeddable":true,"href":"https:\/\/copavisa.com\/index.php\/wp-json\/wp\/v2\/product_tag?post=3359"}],"curies":[{"name":"wp","href":"https:\/\/api.w.org\/{rel}","templated":true}]}}